git of q?
9
Let f(k) = -37*k - 43. Let o be f(-38). Let c = 356 + o. What is the thousands digit of c?
1
Let h(a) = a**2 - 32*a + 1149. Let r be h(0). What is the units digit of ((-3)/3)/(3 + (-3450)/r)?
3
Let u be 6/(12/6*(-1 + 2)). Suppose 5*q - y - 22 = 0, -y - 8 = u*y. Suppose -5*x = q*x - 1044. What is the units digit of x?
6
Let h(a) = 270*a**2 - 229*a + 1108. What is the tens digit of h(5)?
1
Let r = -49 + 48. Let b be (-241)/r + 9/(-9). Suppose -5*n + 5*z = -0*z - b, 2*n + 2*z = 112. What is the tens digit of n?
5
Suppose 25 = 3*f + y + 5, -f + 3*y - 10 = 0. Suppose s - 753 = -f*x + 66, 0 = -4*x + 20. What is the units digit of s?
4
Let a(v) = -39*v - 44. Let s(h) be the third derivative of -5*h**4/6 - 11*h**3/3 - 14*h**2. Let p(g) = -2*a(g) + 5*s(g). What is the tens digit of p(-4)?
6
Suppose -2*j - 1 = g, -3*g + 7*j - 2*j = 3. Let p = 709 - 708. What is the tens digit of g/(0 - 1) - (-69)/p?
7
What is the hundreds digit of (-54 + -2)/((-2)/18)?
5
Suppose -193*b + 129*b + 1242048 = 0. What is the units digit of b?
7
Let s(f) = f**2 - 6*f + 3. Let o be s(6). Let t(j) be the second derivative of 5*j**4/3 - 5*j**3/6 + 5*j**2/2 + 3664*j. What is the hundreds digit of t(o)?
1
Suppose 8*a = -4*a + 81053 + 184711. What is the units digit of a?
7
Let s(i) = -43 - 490*i**2 + 540*i**2 - 3*i**3 + i**3 - 21*i. What is the hundreds digit of s(23)?
5
Suppose a = -25*l + 27*l + 56, -a - l + 62 = 0. Suppose -3*i + 7 + 26 = 0. What is the tens digit of 12/7*(a - i)?
8
Let s = -2299 + 3430. Let f = s + -335. What is the tens digit of f?
9
Let v(f) = -7*f - 11. Suppose -n = n - 2*g + 10, -3*n = 3*g + 21. Let i be v(n). Suppose -2*l - l = 2*p - i, -3*l = 9. What is the tens digit of p?
2
Let y(i) be the second derivative of -23*i**3/3 - 25*i**2/2 - 49*i - 1. What is the units digit of y(-10)?
5
Let r(l) = 302*l - 885. What is the units digit of r(12)?
9
Let m = 471 - 231. Let j(g) = g**3 - 5*g**2 + 9*g - 8. Let b be j(2). What is the units digit of (b/4)/((-5)/m)?
4
Let t be -1*(6 + -778)*1. Suppose 5*i = 2*a + 3121 - t, 2*i = 5*a + 927. What is the tens digit of i?
7
What is the tens digit of ((-4345)/15)/((-4)/2 + (-105)/(-54))?
1
Let b(t) = t - 5. Let g be b(9). Suppose 5*a - 4*k = -14, -a - 5 + g = k. What is the tens digit of 666/(-4)*((-24)/(-18) + a)?
1
Suppose -5*x + 1167 - 2777 = 0. Let n be 1/(-3)*487*-3. Let i = x + n. What is the hundreds digit of i?
1
What is the tens digit of (-52371)/(-23) + 144/(-9)?
6
Let x(p) = 5064*p**2 - 46*p - 76. What is the units digit of x(-2)?
2
Suppose 0 = 2*a - a - 3. Let o(p) = -p**3 - 9*p**2 - 6*p - 39. Let y be o(-9). Suppose a*u = -y, -k + 14 = -5*u - 45. What is the tens digit of k?
3
Let f = -42 + -1422. What is the tens digit of 4 + f/(9/(-6) - 0)?
8
Let j(t) be the first derivative of 32*t**3/3 + 3*t**2 - 13*t + 13. What is the units digit of j(3)?
3
Suppose 0 = 3*y + 2*i + 56, -4*i - 8 = -5*y - 94. Let v(r) = -32*r + 25. What is the units digit of v(y)?
1
Let w = -9 - -8. What is the units digit of ((-1076)/(-8) - -1)/(w/(-2))?
1
Let b = 101 - 82. Suppose -b*c - 1680 = -34*c. What is the tens digit of c?
1
Let z(h) = 36*h**3 + h + 2. Let s be z(-1). Let i = -70 - s. Let l = i + 204. What is the units digit of l?
9
Suppose 4*w = -7*y + 17, -4*w - y + 21 = 2*y. Let n(b) = 4*b**3 + 8*b**2 + 2*b. Let q be n(6). Suppose -w*o + 240 + q = 0. What is the hundreds digit of o?
2
Let i(h) = -h**3 - 21*h**2 - 22*h - 20. Let u be i(-20). Let t be 589/5 - 16/u. Suppose 9 + 6 = 5*v, 5*v - t = -j. What is the hundreds digit of j?
1
Suppose 3*u + 8*f + 11 = 4*f, -4*u - 66 = -2*f. Let v(m) = m**2 - 5*m - 26 - 12 + 2*m. What is the hundreds digit of v(u)?
1
Suppose 5 = 2*v - 7, -5*f = v - 227251. What is the ten thousands digit of f?
4
Suppose 4*m + 6 = 7*m. Suppose -2*r = s - 429, 0*s - 3*s + 1263 = -m*r. What is the hundreds digit of s?
4
Let d = -258 - -255. What is the hundreds digit of (812/35)/(d/(-90))?
6
Let d = 21 + -17. Let k(m) = -m**3 + 2*m**2 + 8*m + 4. Let h be k(d). Suppose -4*a + 3*f + 136 = 0, -7 = 5*a + h*f - 177. What is the units digit of a?
4
Let p(l) = l**3 + 56*l**2 + 34*l + 60. What is the thousands digit of p(-53)?
6
Let i be (15*-1)/((2 + 5)/(-49)). Let s = i - 100. Suppose -294 - 451 = -s*t. What is the hundreds digit of t?
1
Suppose -30*i + 563212 = 269199 - 682067. What is the thousands digit of i?
2
Let h(t) = -2*t**3 + 2*t**2 + 4*t - 5. Let n be h(1). What is the units digit of -4 + n + 24/4 - -228?
9
Suppose 28 = 2*z + 18. Let m = z - -854. What is the hundreds digit of m?
8
Suppose -679*n = -667*n. Suppose 0 = 55*v - 56*v - 3*s + 1095, -2*v - 3*s + 2196 = n. What is the tens digit of v?
0
Let i = -144 + 212. Let j = i - -335. What is the tens digit of j?
0
Let z(l) be the first derivative of -l**4/4 - 35*l**3/3 - 39*l**2/2 - 22*l + 67. What is the hundreds digit of z(-34)?
1
Let n(q) = -1253*q - 1441. What is the units digit of n(-34)?
1
Let g(t) = -10*t + 7. Let s be g(8). Let y = -86 - s. Let k(x) = x**2 + 3*x + 14. What is the tens digit of k(y)?
4
Let z(m) = -m**3 - 17*m**2 + 12*m - 634. What is the units digit of z(-26)?
8
Let t(b) = 503*b + 64. Let r(s) = 1006*s + 134. Let g(d) = -4*r(d) + 7*t(d). What is the units digit of g(-4)?
4
Let g = 21074 - -19912. What is the ten thousands digit of g?
4
Suppose -3*g = 3*y + 150, 2*g - y - 27 + 121 = 0. Let k = g - -187. What is the tens digit of k?
3
Let n(x) = 15*x**3 + 965*x**2 - 72*x - 86. What is the thousands digit of n(-64)?
5
Let x(i) = 0*i**2 - 22 - 4*i - 54 - i**3 + 13 + 11 + i**2. What is the thousands digit of x(-10)?
1
Suppose w + 3*l - 13 = 0, -2*w - 8*l + 22 = -4*l. Let g(c) = -c**3 + 8*c**2 - 5*c - 1. Let u be g(w). Suppose -u*s + 4 = -11*s. What is the units digit of s?
2
Suppose -8*y = -6*y. Suppose 2*h = 138 + 130. Suppose 0*w + 4 = -w, -2*f + 5*w + h = y. What is the units digit of f?
7
Let w(i) = 748*i**2 + 26*i - 146. What is the units digit of w(4)?
6
Let l(c) = -67*c + 12. Let d(k) = -k**2 + 3*k. Let f be d(-2). What is the units digit of l(f)?
2
Let i = -2662 + 3401. What is the units digit of i?
9
Let t(k) = -k**2 - 42*k - 146. Let o(f) = -f**2 - 11*f - 59. Let q be o(-8). What is the units digit of t(q)?
9
Suppose 8*k = 119079 + 65185. What is the tens digit of k?
3
Let x be (-8)/(-1)*(0 + 4). Suppose -106 = -8*h - 5*y, 0 = 12*y - 17*y - 30. Let q = x - h. What is the units digit of q?
5
Suppose -169*x - 4465 = -175*x + 42215. What is the units digit of x?
0
What is the hundreds digit of 17795/((-50)/(-10)) + 14?
5
Let y = 80 + -76. Suppose -5*m + 2884 = 5*f - 6*f, f - 2300 = -y*m. Suppose 3*b + 586 = 4*u, -2*u - 2*b = 2*u - m. What is the units digit of u?
5
Suppose f = w - 1135, 3*w + 34*f = 36*f + 3401. Suppose 4*g = -4*t + 1140, -4*t + 5*g + 0*g = -w. What is the tens digit of t?
8
Let c(i) = i + 2. Let v be c(0). Suppose v*m = 15 + 373. Suppose -23*r = -25*r + m. What is the tens digit of r?
9
Suppose 3492 = 56*l - 3844. What is the units digit of l?
1
Suppose 0 = 12*v - 2886 + 20814. Let y = 3230 + v. What is the units digit of y?
6
Let o(p) = -8*p**3 - p**2 - 32*p - 270. What is the tens digit of o(-6)?
1
Suppose -12*t - 14*t = 12*t - 369626. What is the tens digit of t?
2
What is the tens digit of ((-217529)/(-4))/29 - (-2)/(-8)*-3?
7
Let a be (-1766)/6 - (-1)/3. Let u = a - -487. Suppose u = 5*i - 3*j - 32, -5*j - 235 = -5*i. What is the units digit of i?
2
Let d(q) = -223*q. Let z be d(-1). Suppose -4*g + 3*g + z = -3*h, 222 = g - 4*h. What is the tens digit of g?
2
Suppose -17*l = -l - 29184. Suppose 31*q - 23*q = l. What is the tens digit of q?
2
Suppose -3*p + u + 32462 = 0, 52*u + 28 = 56*u. What is the units digit of p?
3
Let y(p) = 116*p**2 + 3*p + 2. Let f be y(-1). Let z = -110 + f. What is the tens digit of (1 - -24) + (-10)/z - 1?
2
Suppose -2*a - 2*d + 4170 = 0, a + 10413 = 6*a + d. What is the hundreds digit of (a/(-12))/(2/(-2 - 2))?
3
Let g be (-2)/(-9) - (-54122)/18. Suppose 1635 = 2*h - g. Suppose h = 8*q + 3*q. What is the units digit of q?
1
Suppose 104*j - 5*j - 80716 = 2039864. What is the units digit of j?
0
Let v be (-5692)/(-10) - (-6)/(-30). Let k = -398 + v. Suppose -k + 43 = -4*u. What is the units digit of u?
2
Suppose -246*o + 21660 = -73542. What is the tens digit of o?
8